{"id":149,"date":"2021-01-09T08:51:05","date_gmt":"2021-01-09T08:51:05","guid":{"rendered":"http:\/\/www.maarianvpk.fi\/?page_id=149"},"modified":"2024-11-20T17:50:57","modified_gmt":"2024-11-20T17:50:57","slug":"naisosasto","status":"publish","type":"page","link":"https:\/\/www.maarianvpk.fi\/?page_id=149","title":{"rendered":"Naisosasto"},"content":{"rendered":"<div  data-label=\"Content\" data-id=\"content--1\" data-export-id=\"content-9\" data-category=\"content\" class=\"content-9 content-section content-section-spacing white-text premium_dark\" id=\"content-1\"><div  class=\"gridContainer\"> <div  class=\"row text-center\"><div  class=\"section-title-col\" data-type=\"column\">  <p  class=\"lead\"><span  style=\"color: rgb(251, 192, 45);\">Palokuntanaisty\u00f6 on palokunnissa teht\u00e4v\u00e4\u00e4 vapaaehtoisty\u00f6t\u00e4.<\/span><br ><span  style=\"color: rgb(251, 192, 45);\">\r\nPalokuntanaisty\u00f6t\u00e4 tehd\u00e4\u00e4n oman oppimisen, oman palokunnan ja koko yhteiskunnan hyv\u00e4ksi.<\/span><br ><span  style=\"color: rgb(251, 192, 45);\">\r\nPalokuntanaisty\u00f6n avulla edistet\u00e4\u00e4n tulipalojen ja onnettomuuksien ehk\u00e4isy\u00e4<\/span><br ><span  style=\"color: rgb(251, 192, 45);\">\r\nsek\u00e4 omaehtoista varautumista.<\/span><\/p><\/div> <\/div> <div  class=\"row space-bottom text-center\" data-type=\"row\"> <div  class=\"col-sm-4 col-padding-small\"> <i  class=\"fa icon fa-comments bordered round color5\"><\/i> <h4  class=\"\">Kokoontuminen<\/h4> <p  class=\"\">Naisosastomme kokoontuu s\u00e4\u00e4nn\u00f6llisesti joka kuukauden 1. keskiviikko klo 18.30 omalla asemalla (Tammikuussa 3. viikko ja Hein\u00e4kuussa on kes\u00e4loma). Naisosaston johtajan kutsusta kokoonnumme tarvittaessa useamminkin.<\/p><\/div> <div  class=\"col-sm-4 col-padding-small\"><i  class=\"fa icon fa-pencil-square-o bordered round color5\"><\/i> <h4  class=\"\">Suunnittelu<\/h4> <p  class=\"\">Kokoontumisissa suunnittelemme toimintaamme, valmistaudumme tapahtumiin, kouluttaudumme ja virkist\u00e4ydymme.<\/p><\/div> <div  class=\"col-sm-4 col-padding-small\"><i  class=\"fa icon fa-support bordered round color5\"><\/i> <h4  class=\"\">Toiminta<\/h4> <p  class=\"\">Toimintamme keskittyy oman koulutuksen lis\u00e4ksi p\u00e4\u00e4asiassa varainhankintaan, muiden osastojen toiminnan tukemiseen ja ennalta ehk\u00e4isev\u00e4\u00e4n turvallisuusviestint\u00e4\u00e4n.<\/p><\/div> <\/div> <div  class=\"row center-xs middle-xs\"> <div  class=\"col-sm-12\" data-type=\"column\"> <img fetchpriority=\"high\" decoding=\"async\"  class=\"shadow-large jetpack-lazy-image jetpack-lazy-image--handled\" src=\"https:\/\/i1.wp.com\/www.maarianvpk.fi\/wp-content\/uploads\/2021\/01\/naisosasto.jpg?w=3840\" data-size=\"950x633\" title=\"naisosasto\" alt=\"\" data-lazy-loaded=\"1\" loading=\"eager\" width=\"925\" height=\"619\"> <\/div><\/div> <\/div><\/div><div  data-label=\"Cta\" data-id=\"cta--1\" data-export-id=\"cta-centered-bg-section\" data-category=\"cta\" data-section-ov=\"1\" class=\"cta-centered-bg-section content-section content-section-spacing-medium white-text premium_dark\" data-parallax-depth=\"20\" id=\"cta-1\"><div  class=\"gridContainer\"> <div  class=\"row text-center\"><div  data-type=\"column\" class=\"\"> <h2  class=\"\">Liity naisosastoon!&nbsp; &nbsp;<\/h2> <a class=\"button big force-shadow color5\" href=\"https:\/\/www.maarianvpk.fi?page_id=193\" target=\"_blank\" data-cp-link=\"1\" data-icon=\"fa-arrow-right\" rel=\"noopener\"><span  class=\"button-icon fa fa-arrow-right\"><\/span>OTA YHTEYTT\u00c4<\/a><\/div> <\/div><\/div> <\/div>","protected":false},"excerpt":{"rendered":"<p>Palokuntanaisty\u00f6 on palokunnissa teht\u00e4v\u00e4\u00e4 vapaaehtoisty\u00f6t\u00e4. Palokuntanaisty\u00f6t\u00e4 tehd\u00e4\u00e4n oman oppimisen, oman palokunnan ja koko yhteiskunnan hyv\u00e4ksi. Palokuntanaisty\u00f6n avulla edistet\u00e4\u00e4n tulipalojen ja onnettomuuksien ehk\u00e4isy\u00e4 sek\u00e4 omaehtoista varautumista. Kokoontuminen Naisosastomme kokoontuu s\u00e4\u00e4nn\u00f6llisesti joka kuukauden 1. keskiviikko klo 18.30 omalla asemalla (Tammikuussa 3. viikko ja Hein\u00e4kuussa on kes\u00e4loma). Naisosaston johtajan kutsusta kokoonnumme tarvittaessa useamminkin. Suunnittelu Kokoontumisissa suunnittelemme toimintaamme, valmistaudumme&hellip; <br \/> <a class=\"read-more\" href=\"https:\/\/www.maarianvpk.fi\/?page_id=149\">Read more<\/a><\/p>\n","protected":false},"author":1,"featured_media":0,"parent":0,"menu_order":0,"comment_status":"closed","ping_status":"closed","template":"pro\/page-templates\/full-width-page.php","meta":{"footnotes":""},"class_list":["post-149","page","type-page","status-publish","hentry"],"jetpack-related-posts":[],"jetpack_shortlink":"https:\/\/wp.me\/PcINUT-2p","jetpack_sharing_enabled":true,"_links":{"self":[{"href":"https:\/\/www.maarianvpk.fi\/index.php?rest_route=\/wp\/v2\/pages\/149","targetHints":{"allow":["GET"]}}],"collection":[{"href":"https:\/\/www.maarianvpk.fi\/index.php?rest_route=\/wp\/v2\/pages"}],"about":[{"href":"https:\/\/www.maarianvpk.fi\/index.php?rest_route=\/wp\/v2\/types\/page"}],"author":[{"embeddable":true,"href":"https:\/\/www.maarianvpk.fi\/index.php?rest_route=\/wp\/v2\/users\/1"}],"replies":[{"embeddable":true,"href":"https:\/\/www.maarianvpk.fi\/index.php?rest_route=%2Fwp%2Fv2%2Fcomments&post=149"}],"version-history":[{"count":5,"href":"https:\/\/www.maarianvpk.fi\/index.php?rest_route=\/wp\/v2\/pages\/149\/revisions"}],"predecessor-version":[{"id":407,"href":"https:\/\/www.maarianvpk.fi\/index.php?rest_route=\/wp\/v2\/pages\/149\/revisions\/407"}],"wp:attachment":[{"href":"https:\/\/www.maarianvpk.fi\/index.php?rest_route=%2Fwp%2Fv2%2Fmedia&parent=149"}],"curies":[{"name":"wp","href":"https:\/\/api.w.org\/{rel}","templated":true}]}}

<div  data-label="Content" data-id="content--1" data-export-id="content-9" data-category="content" class="content-9 content-section content-section-spacing white-text premium_dark" id="content-1"><div  class="gridContainer"> <div  class="row text-center"><div  class="section-title-col" data-type="column">  <p  class="lead"><span  style="color: rgb(251, 192, 45);">Palokuntanaistyö on palokunnissa tehtävää vapaaehtoistyötä.</span><br ><span  style="color: rgb(251, 192, 45);">
Palokuntanaistyötä tehdään oman oppimisen, oman palokunnan ja koko yhteiskunnan hyväksi.</span><br ><span  style="color: rgb(251, 192, 45);">
Palokuntanaistyön avulla edistetään tulipalojen ja onnettomuuksien ehkäisyä</span><br ><span  style="color: rgb(251, 192, 45);">
sekä omaehtoista varautumista.</span></p></div> </div> <div  class="row space-bottom text-center" data-type="row"> <div  class="col-sm-4 col-padding-small"> <i  class="fa icon fa-comments bordered round color5"></i> <h4  class="">Kokoontuminen</h4> <p  class="">Naisosastomme kokoontuu säännöllisesti joka kuukauden 1. keskiviikko klo 18.30 omalla asemalla (Tammikuussa 3. viikko ja Heinäkuussa on kesäloma). Naisosaston johtajan kutsusta kokoonnumme tarvittaessa useamminkin.</p></div> <div  class="col-sm-4 col-padding-small"><i  class="fa icon fa-pencil-square-o bordered round color5"></i> <h4  class="">Suunnittelu</h4> <p  class="">Kokoontumisissa suunnittelemme toimintaamme, valmistaudumme tapahtumiin, kouluttaudumme ja virkistäydymme.</p></div> <div  class="col-sm-4 col-padding-small"><i  class="fa icon fa-support bordered round color5"></i> <h4  class="">Toiminta</h4> <p  class="">Toimintamme keskittyy oman koulutuksen lisäksi pääasiassa varainhankintaan, muiden osastojen toiminnan tukemiseen ja ennalta ehkäisevään turvallisuusviestintään.</p></div> </div> <div  class="row center-xs middle-xs"> <div  class="col-sm-12" data-type="column"> <img fetchpriority="high" decoding="async"  class="shadow-large jetpack-lazy-image jetpack-lazy-image--handled" src="https://i1.wp.com/www.maarianvpk.fi/wp-content/uploads/2021/01/naisosasto.jpg?w=3840" data-size="950x633" title="naisosasto" alt="" data-lazy-loaded="1" loading="eager" width="925" height="619"> </div></div> </div></div><div  data-label="Cta" data-id="cta--1" data-export-id="cta-centered-bg-section" data-category="cta" data-section-ov="1" class="cta-centered-bg-section content-section content-section-spacing-medium white-text premium_dark" data-parallax-depth="20" id="cta-1"><div  class="gridContainer"> <div  class="row text-center"><div  data-type="column" class=""> <h2  class="">Liity naisosastoon!&nbsp; &nbsp;</h2> <a class="button big force-shadow color5" href="https://www.maarianvpk.fi?page_id=193" target="_blank" data-cp-link="1" data-icon="fa-arrow-right" rel="noopener"><span  class="button-icon fa fa-arrow-right"></span>OTA YHTEYTTÄ</a></div> </div></div> </div>

<p>Palokuntanaistyö on palokunnissa tehtävää vapaaehtoistyötä. Palokuntanaistyötä tehdään oman oppimisen, oman palokunnan ja koko yhteiskunnan hyväksi. Palokuntanaistyön avulla edistetään tulipalojen ja onnettomuuksien ehkäisyä sekä omaehtoista varautumista. Kokoontuminen Naisosastomme kokoontuu säännöllisesti joka kuukauden 1. keskiviikko klo 18.30 omalla asemalla (Tammikuussa 3. viikko ja Heinäkuussa on kesäloma). Naisosaston johtajan kutsusta kokoonnumme tarvittaessa useamminkin. Suunnittelu Kokoontumisissa suunnittelemme toimintaamme, valmistaudumme&hellip; <br /> <a class="read-more" href="https://www.maarianvpk.fi/?page_id=149">Read more</a></p>
