{"id":16,"date":"2021-01-05T19:28:02","date_gmt":"2021-01-05T19:28:02","guid":{"rendered":"http:\/\/www.maarianvpk.fi\/empowerwp-pro\/"},"modified":"2026-01-02T17:05:56","modified_gmt":"2026-01-02T17:05:56","slug":"empowerwp-pro","status":"publish","type":"page","link":"https:\/\/www.maarianvpk.fi\/","title":{"rendered":"Front Page"},"content":{"rendered":"<div  data-label=\"Content\" data-id=\"content--1\" data-export-id=\"content-12\" data-category=\"content\" class=\"content-12 content-section content-section-spacing white-text premium_dark\" id=\"content-1\" style=\"background-size: cover; background-position: center top;\" data-section-ov=\"1\"><div  class=\"\"> <div  class=\"row text-center\"><div  class=\"section-title-col\" data-type=\"column\"> <h2  class=\"\"><span ><font  color=\"#ecf403\"><span  style=\"color: rgb(236, 244, 3);\">Maarian Vapaaehtoinen Palokunta ry<\/span>&nbsp;<\/font><br ><font  color=\"#f0e8e9\">Asema 17<\/font><\/span><\/h2> <p  class=\"lead\" style=\"text-align: center;\"><span  style=\"color: rgb(255, 152, 0);\">Maarian VPK on Turussa kotipaikkaansa pit\u00e4v\u00e4 sopimuspalokunta. \r\n<br >Palokunnalla on sopimus Varsinais-Suomen aluepelastuslaitoksen kanssa. \r\n<br >Muita sopimuspalokuntia Turussa ovat Turun, Kaarinan, J\u00e4k\u00e4rl\u00e4n, Paattisten VPK:t sek\u00e4 Kakskerran SPK.<\/span><br ><span  style=\"color: rgb(255, 152, 0);\">\r\nPalokuntamme p\u00e4\u00e4tarkoituksena on sammutus- ja pelastusavun antaminen normaali- ja poikkeusoloissa. Palokunnan sis\u00e4ll\u00e4 toimii aktiivisesti my\u00f6s Maarian VPK:n puhallinorkesteri.<\/span><br ><span  style=\"color: rgb(255, 152, 0);\">\r\nTERVETULOA klikkailemaan sivuillemme ja tutustumaan toimintaamme !<\/span><\/p><\/div> <\/div> <div  class=\"row center-xs middle-xs\"> <div  class=\"col-sm-9\" data-type=\"column\"> <\/div> <\/div><\/div> <\/div><div  id=\"ajankohtaista\" style=\"background-size: cover; background-position: center top;\" data-label=\"Ajankohtaista\" data-id=\"blog-section\" data-export-id=\"blog-section\" data-category=\"latest_news\" class=\"blog-section blog-section-standard content-section content-section-spacing section-title-col-white-text content-relative premium_dark\" data-section-ov=\"1\"><div  class=\"gridContainer\"> <div  class=\"row\"><div  data-type=\"column\" class=\"section-title-col\"> <h2  class=\"\"><span  style=\"color: rgb(236, 244, 3);\"><b >Ajankohtaista<\/b><\/span><\/h2> <\/div> <\/div> <div  class=\"row\"> <div  data-type=\"row\" data-dynamic-columns=\"handled\" data-content-shortcode=\"mesmerize_latest_news posts=&quot;3&quot; columns=&quot;4&quot; \">\t\t<div class=\"row center-sm content-left-sm\">\n\t\t\t\t\t<div id=\"post-795\" class=\"col-sm-6 col-md-4 space-bottom space-bottom-xs\">\n\t\t\t\t<div class=\"post-content card y-move bordered\">\n\t\t\t\t\t\t\t\t\t\t<div class=\"col-padding col-padding-xs\">\n\t\t\t\t\t\t<h3 class=\"post-title space-bottom-small\">\n\t\t\t\t\t\t\t<a href=\"https:\/\/www.maarianvpk.fi\/?p=795\" rel=\"bookmark\">\n\t\t\t\t\t\t\t\tSopimuspalokunta \u2013 eli mit\u00e4 on VPK-toiminta?\t\t\t\t\t\t\t<\/a>\n\t\t\t\t\t\t<\/h3>\n\t\t\t\t\t\t<p>Varsinais-Suomessa toimii 66 sopimuspalokuntaa, 72 paloasemalla. Sopimuspalokunta tarkoittaa VPK-yhdistyst\u00e4, jolla on voimassa oleva palokuntasopimus pelastuslaitok-sen kanssa. Lis\u00e4ksi viidell\u00e4 Varsinais-Suomen paloasemalla toimii puolivakinainen palokunta, jonka h\u00e4lytystoimintaan osallistuva henkil\u00f6st\u00f6 on tehnyt henkil\u00f6kohtaisen[&hellip;]<\/p>\n\t\t\t\t\t\t<a class=\"read-more link\" href=\"https:\/\/www.maarianvpk.fi\/?p=795\">\n\t\t\t\t\t\t\tRead more\t\t\t\t\t\t<\/a>\n\t\t\t\t\t<\/div>\n\t\t\t\t<\/div>\n\t\t\t<\/div>\n\t\t\t\t\t\t<div id=\"post-702\" class=\"col-sm-6 col-md-4 space-bottom space-bottom-xs\">\n\t\t\t\t<div class=\"post-content card y-move bordered\">\n\t\t\t\t\t<div class=\"post-thumbnail\">\n   <a href=\"https:\/\/www.maarianvpk.fi\/?p=702\" class=\"post-list-item-thumb \">\n      <img loading=\"lazy\" decoding=\"async\" width=\"1024\" height=\"683\" src=\"https:\/\/i0.wp.com\/www.maarianvpk.fi\/wp-content\/uploads\/2021\/12\/t-171-scaled.jpg?fit=1024%2C683&amp;ssl=1\" class=\"attachment-post-thumbnail size-post-thumbnail wp-post-image\" alt=\"\" srcset=\"https:\/\/i0.wp.com\/www.maarianvpk.fi\/wp-content\/uploads\/2021\/12\/t-171-scaled.jpg?w=2560&amp;ssl=1 2560w, https:\/\/i0.wp.com\/www.maarianvpk.fi\/wp-content\/uploads\/2021\/12\/t-171-scaled.jpg?resize=300%2C200&amp;ssl=1 300w, https:\/\/i0.wp.com\/www.maarianvpk.fi\/wp-content\/uploads\/2021\/12\/t-171-scaled.jpg?resize=1024%2C683&amp;ssl=1 1024w, https:\/\/i0.wp.com\/www.maarianvpk.fi\/wp-content\/uploads\/2021\/12\/t-171-scaled.jpg?resize=768%2C512&amp;ssl=1 768w, https:\/\/i0.wp.com\/www.maarianvpk.fi\/wp-content\/uploads\/2021\/12\/t-171-scaled.jpg?resize=1536%2C1024&amp;ssl=1 1536w, https:\/\/i0.wp.com\/www.maarianvpk.fi\/wp-content\/uploads\/2021\/12\/t-171-scaled.jpg?resize=2048%2C1365&amp;ssl=1 2048w, https:\/\/i0.wp.com\/www.maarianvpk.fi\/wp-content\/uploads\/2021\/12\/t-171-scaled.jpg?resize=1620%2C1080&amp;ssl=1 1620w\" sizes=\"auto, (max-width: 1024px) 100vw, 1024px\" data-attachment-id=\"703\" data-permalink=\"https:\/\/www.maarianvpk.fi\/?attachment_id=703\" data-orig-file=\"https:\/\/i0.wp.com\/www.maarianvpk.fi\/wp-content\/uploads\/2021\/12\/t-171-scaled.jpg?fit=2560%2C1707&amp;ssl=1\" data-orig-size=\"2560,1707\" data-comments-opened=\"0\" data-image-meta=\"{&quot;aperture&quot;:&quot;7.1&quot;,&quot;credit&quot;:&quot;&quot;,&quot;camera&quot;:&quot;Canon EOS 1100D&quot;,&quot;caption&quot;:&quot;&quot;,&quot;created_timestamp&quot;:&quot;1511610291&quot;,&quot;copyright&quot;:&quot;&quot;,&quot;focal_length&quot;:&quot;18&quot;,&quot;iso&quot;:&quot;800&quot;,&quot;shutter_speed&quot;:&quot;0.005&quot;,&quot;title&quot;:&quot;&quot;,&quot;orientation&quot;:&quot;1&quot;}\" data-image-title=\"t-171\" data-image-description=\"\" data-image-caption=\"\" data-medium-file=\"https:\/\/i0.wp.com\/www.maarianvpk.fi\/wp-content\/uploads\/2021\/12\/t-171-scaled.jpg?fit=300%2C200&amp;ssl=1\" data-large-file=\"https:\/\/i0.wp.com\/www.maarianvpk.fi\/wp-content\/uploads\/2021\/12\/t-171-scaled.jpg?fit=1024%2C683&amp;ssl=1\" \/>   <\/a>\n<\/div>\n\t\t\t\t\t<div class=\"col-padding col-padding-xs\">\n\t\t\t\t\t\t<h3 class=\"post-title space-bottom-small\">\n\t\t\t\t\t\t\t<a href=\"https:\/\/www.maarianvpk.fi\/?p=702\" rel=\"bookmark\">\n\t\t\t\t\t\t\t\tT\u00e4n\u00e4\u00e4n vietet\u00e4\u00e4n Suomessa Kansainv\u00e4list\u00e4 Vapaaehtoisten p\u00e4iv\u00e4\u00e4. I dag firas den Internationella Frivilligas dag.\t\t\t\t\t\t\t<\/a>\n\t\t\t\t\t\t<\/h3>\n\t\t\t\t\t\t<p>T\u00e4n\u00e4\u00e4n vietet\u00e4\u00e4n Suomessa Kansainv\u00e4list\u00e4 Vapaaehtoisten p\u00e4iv\u00e4\u00e4. Sopimuspalokunnat ovat olennainen osa my\u00f6s #vspelastus toimintaa. Videolla pieni pintaraapaisu mit\u00e4 kaikkea vapaaehtoiset tekev\u00e4t. #sopimuspalokunnat #vapaaehtoiset #t\u00e4rke\u00e4\u00e4ty\u00f6t\u00e4 I dag firas den Internationella Frivilligas dag.[&hellip;]<\/p>\n\t\t\t\t\t\t<a class=\"read-more link\" href=\"https:\/\/www.maarianvpk.fi\/?p=702\">\n\t\t\t\t\t\t\tRead more\t\t\t\t\t\t<\/a>\n\t\t\t\t\t<\/div>\n\t\t\t\t<\/div>\n\t\t\t<\/div>\n\t\t\t\t\t\t<div id=\"post-275\" class=\"col-sm-6 col-md-4 space-bottom space-bottom-xs\">\n\t\t\t\t<div class=\"post-content card y-move bordered\">\n\t\t\t\t\t<div class=\"post-thumbnail\">\n   <a href=\"https:\/\/www.maarianvpk.fi\/?p=275\" class=\"post-list-item-thumb \">\n      <img loading=\"lazy\" decoding=\"async\" width=\"1024\" height=\"484\" src=\"https:\/\/i0.wp.com\/www.maarianvpk.fi\/wp-content\/uploads\/2021\/01\/asema-17.jpg?fit=1024%2C484&amp;ssl=1\" class=\"attachment-post-thumbnail size-post-thumbnail wp-post-image\" alt=\"\" srcset=\"https:\/\/i0.wp.com\/www.maarianvpk.fi\/wp-content\/uploads\/2021\/01\/asema-17.jpg?w=1522&amp;ssl=1 1522w, https:\/\/i0.wp.com\/www.maarianvpk.fi\/wp-content\/uploads\/2021\/01\/asema-17.jpg?resize=300%2C142&amp;ssl=1 300w, https:\/\/i0.wp.com\/www.maarianvpk.fi\/wp-content\/uploads\/2021\/01\/asema-17.jpg?resize=1024%2C484&amp;ssl=1 1024w, https:\/\/i0.wp.com\/www.maarianvpk.fi\/wp-content\/uploads\/2021\/01\/asema-17.jpg?resize=768%2C363&amp;ssl=1 768w\" sizes=\"auto, (max-width: 1024px) 100vw, 1024px\" data-attachment-id=\"328\" data-permalink=\"https:\/\/www.maarianvpk.fi\/?attachment_id=328\" data-orig-file=\"https:\/\/i0.wp.com\/www.maarianvpk.fi\/wp-content\/uploads\/2021\/01\/asema-17.jpg?fit=1522%2C720&amp;ssl=1\" data-orig-size=\"1522,720\" data-comments-opened=\"1\" data-image-meta=\"{&quot;aperture&quot;:&quot;0&quot;,&quot;credit&quot;:&quot;&quot;,&quot;camera&quot;:&quot;&quot;,&quot;caption&quot;:&quot;&quot;,&quot;created_timestamp&quot;:&quot;0&quot;,&quot;copyright&quot;:&quot;&quot;,&quot;focal_length&quot;:&quot;0&quot;,&quot;iso&quot;:&quot;0&quot;,&quot;shutter_speed&quot;:&quot;0&quot;,&quot;title&quot;:&quot;&quot;,&quot;orientation&quot;:&quot;0&quot;}\" data-image-title=\"asema 17\" data-image-description=\"\" data-image-caption=\"\" data-medium-file=\"https:\/\/i0.wp.com\/www.maarianvpk.fi\/wp-content\/uploads\/2021\/01\/asema-17.jpg?fit=300%2C142&amp;ssl=1\" data-large-file=\"https:\/\/i0.wp.com\/www.maarianvpk.fi\/wp-content\/uploads\/2021\/01\/asema-17.jpg?fit=1024%2C484&amp;ssl=1\" \/>   <\/a>\n<\/div>\n\t\t\t\t\t<div class=\"col-padding col-padding-xs\">\n\t\t\t\t\t\t<h3 class=\"post-title space-bottom-small\">\n\t\t\t\t\t\t\t<a href=\"https:\/\/www.maarianvpk.fi\/?p=275\" rel=\"bookmark\">\n\t\t\t\t\t\t\t\tP\u00e4ivitetyt verkkosivut\t\t\t\t\t\t\t<\/a>\n\t\t\t\t\t\t<\/h3>\n\t\t\t\t\t\t<p>Tervetuloa Maarian VPK: n p\u00e4ivitetyille verkkosivustoille. T\u00e4\u00e4lt\u00e4 l\u00f6yd\u00e4t tietoa yhdistyksest\u00e4 ja yhteyshenkil\u00f6ist\u00e4. Julkaisemme my\u00f6s tietoa turvallisuudesta ja tulevista tapahtumista palo- ja pelastuspalvelussa.<\/p>\n\t\t\t\t\t\t<a class=\"read-more link\" href=\"https:\/\/www.maarianvpk.fi\/?p=275\">\n\t\t\t\t\t\t\tRead more\t\t\t\t\t\t<\/a>\n\t\t\t\t\t<\/div>\n\t\t\t\t<\/div>\n\t\t\t<\/div>\n\t\t\t\t<\/div>\n\t<\/div><\/div> <div  class=\"row\"><div  class=\"text-center\"> <a  class=\"button big force-shadow color9 outline\" data-attr-shortcode=\"href:mesmerize_blog_link\" href=\"https:\/\/www.maarianvpk.fi\/?page_id=17\" data-icon=\"fa-arrow-right\">Edelliset julkaisut<\/a><\/div> <\/div><\/div><\/div><div  data-label=\"Liity\" data-id=\"cta--2\" data-export-id=\"cta-centered-section-grid\" data-category=\"cta\" class=\"cta-centered-section-grid content-section content-section-spacing-medium bg-color1 content-relative white-text premium_dark\" id=\"liity\" style=\"background-size: cover; background-position: center top;\"><div  class=\"gridContainer\"> <div  class=\"row text-center\"><div  class=\"col-xs-12 col-sm-10 col-sm-offset-1 col-md-8 col-md-offset-2\" data-type=\"column\"> <h2  class=\"\"><span  style=\"color: rgb(251, 192, 45);\">Liity palokuntaan!&nbsp;<\/span><\/h2> <p  class=\"translation-block\" style=\"text-align: center;\">Vapaaehtoisen palokunnan j\u00e4seneksi voi liitty\u00e4 ilman koulutusta tai aiempaa kokemusta. Palokunta tarjoaa tarvittavan koulutuksen ja varusteet. Lis\u00e4ksi palokunnassa on aktiivista palokunnan toimintaa tukevaa harrastustoimintaa, joka ei vaadi koulutusta. Jokaiselle l\u00f6ytyy jotakin ik\u00e4\u00e4n, kokoon ja kuntoon sopivaa tekemist\u00e4.<\/p> <a  class=\"button big force-shadow color8\" href=\"https:\/\/www.maarianvpk.fi?page_id=193\" target=\"_blank\" data-cp-link=\"1\" data-icon=\"\" rel=\"noopener\">Ota yhteytt\u00e4!<\/a><\/div> <\/div><\/div> <\/div><div  data-label=\"112\" data-id=\"features--1\" data-export-id=\"features-12-card-bordered-colored\" data-category=\"features\" class=\"features-12-card-bordered-colored content-section content-section-spacing section-title-col-white-text premium_dark\" id=\"112\" style=\"background-size: cover; background-position: center top;\"><div  class=\"gridContainer\"><div  class=\"row text-center\"><div  class=\"section-title-col\" data-type=\"column\"> <h2  class=\"\" style=\"border-bottom-color: rgb(251, 192, 45);\"><span  style=\"font-weight: 900; color: rgb(255, 152, 0);\">Milloin soitat h\u00e4t\u00e4numeroon 112?<\/span><\/h2> <\/div> <\/div> <div  class=\"row spaced-cols\" data-type=\"row\"> <div  class=\"col-xs-12 col-sm-6\"> <div  class=\"card row-card bottom-border-color2\"> <div  class=\"row\"> <div  class=\"col-sm-fit icon-column\"> <i  class=\"fa icon fa-phone bordered round color2\"><\/i> <\/div> <div  class=\"col-sm\" data-type=\"column\"> <h5  class=\"color2\"><span  style=\"color: rgb(244, 3, 39);\">Kiireellisiss\u00e4 h\u00e4t\u00e4tilanteissa 112\r\n<\/span><\/h5> <p  class=\"\">Suomessa on vain yksi h\u00e4t\u00e4numero. H\u00e4t\u00e4numeroon soitetaan vain kiireellisiss\u00e4 h\u00e4t\u00e4tilanteissa, jolloin paikalle tarvitaan auttavia viranomaisia (poliisi, ensihoito, pelastus, sosiaali).<br >\r\nKoulutetut h\u00e4t\u00e4keskusp\u00e4ivyst\u00e4j\u00e4t ottavat Manner-Suomen alueella vastaan h\u00e4t\u00e4ilmoituksia kuudessa eri h\u00e4t\u00e4keskuksessa. H\u00e4t\u00e4numeroon vastataan \u201cH\u00e4t\u00e4keskus \u2013 N\u00f6dcentralen\u201d.<br >\r\nH\u00e4t\u00e4puhelun aikana on t\u00e4rke\u00e4\u00e4 kuunnella ja vastata kysymyksiin.<\/p><\/div> <\/div><\/div> <\/div> <div  class=\"col-xs-12 col-sm-6\"> <div  class=\"card row-card bottom-border-color2\"> <div  class=\"row\"> <div  class=\"col-sm-fit icon-column\"> <i  class=\"fa icon fa-phone bordered round color2\"><\/i> <\/div> <div  class=\"col-sm\" data-type=\"column\"> <h5  class=\"color2\"><span  style=\"color: rgb(244, 3, 39);\">K\u00e4yt\u00e4 h\u00e4t\u00e4numeroa oikein<\/span><\/h5> <p  class=\"\">H\u00e4t\u00e4numeron v\u00e4\u00e4r\u00e4st\u00e4 tai ilkivaltaisesta k\u00e4yt\u00f6st\u00e4 voidaan rangaista. Turha soitto saattaa viiv\u00e4stytt\u00e4\u00e4 h\u00e4d\u00e4ss\u00e4 olevan henkil\u00f6n avunsaantia kohtalokkain seurauksin.<br >\r\nH\u00e4t\u00e4keskuslaitoksen s\u00e4hk\u00f6postiosoitteisiin ei voi tehd\u00e4 h\u00e4t\u00e4ilmoitusta.<br >\r\nJos olet ep\u00e4varma tilanteen kiireellisyydest\u00e4, soita silloin h\u00e4t\u00e4numeroon 112. Soita itse, jos voit. V\u00e4lik\u00e4sien kautta tuleva puhelu voi pahimmillaan viiv\u00e4stytt\u00e4\u00e4 avun paikalle tuloa.<\/p><\/div> <\/div><\/div> <\/div><div  class=\"col-xs-12 col-sm-6\"> <div  class=\"card row-card bottom-border-color2\"> <div  class=\"row\"> <div  class=\"col-sm-fit icon-column\"> <i  class=\"fa icon fa-phone bordered round color2\"><\/i> <\/div> <div  class=\"col-sm\" data-type=\"column\"> <h5  class=\"color2\"><span  style=\"color: rgb(244, 3, 39);\">Milloin soitat h\u00e4t\u00e4numeroon 112?<\/span>\r\n<\/h5> <p  class=\"\">Kun kohtaat h\u00e4t\u00e4tilanteen tai tarvitset kiireellisesti viranomaisapua paikalle.<br >Kun tied\u00e4t tai ep\u00e4ilet hengen, terveyden, omaisuuden tai ymp\u00e4rist\u00f6n olevan uhattuna tai vaarassa.<\/p><\/div> <\/div><\/div> <\/div>  <div  class=\"col-xs-12 col-sm-6\"> <div  class=\"card row-card bottom-border-color2\"> <div  class=\"row\"> <div  class=\"col-sm-fit icon-column\"> <i  class=\"fa icon fa-phone bordered round color2\"><\/i> <\/div> <div  class=\"col-sm\" data-type=\"column\"> <h5  class=\"color2\"><span  style=\"color: rgb(244, 3, 39);\">\u00c4l\u00e4 soita h\u00e4t\u00e4numeroon 112<\/span>\r\n<\/h5> <p  class=\"\">Kysely- tai tiedustelutarkoituksessa.<br >H\u00e4iri\u00f6tilanteissa, joissa kukaan ei ole vaarassa: s\u00e4hk\u00f6katkokset<br >tai kiireett\u00f6miss\u00e4 tilanteissa.<\/p><\/div> <\/div><\/div> <\/div><\/div> <\/div><\/div><div  data-label=\"Contact\" data-id=\"contact--1\" data-export-id=\"contact-6\" data-category=\"contact\" class=\"contact-5 content-section content-section-spacing white-text premium_dark\" id=\"contact-1\" data-section-ov=\"1\"><div  class=\"gridContainer\"> <div  class=\"row text-center\"><div  class=\"section-title-col\" data-type=\"column\"> <h2  class=\"\"><span  style=\"color: rgb(236, 244, 3);\"><font  color=\"#ff9800\">Ota Yhteytt\u00e4<\/font><\/span><\/h2> <\/div> <\/div> <div  class=\"row middle-sm\"> <div  class=\"col-xs-12 col-sm-6 image-holder space-bottom-xs\"> <div  data-content-shortcode=\"mesmerize_maps zoom=&quot;65&quot; lng=&quot;60.47438670256259&quot; lat=&quot;22.257790953485923&quot; address=&quot;Rieskal\u00e4hteentie 76&quot;\" data-editable=\"true\" class=\"shadow-medium\">        <div class=\"mesmerize-google-maps\" style=\"width:100%\">\n            <iframe style=\"width:100%; height:100%;min-height:inherit;display:block;\" src=\"https:\/\/maps.google.com\/maps?q=Rieskal%C3%A4hteentie+76&#038;z=14&#038;output=embed&#038;iwloc=near&#038;ll=22.257790953485923,60.47438670256259\"><\/iframe>\n        <\/div>\n    <\/div><\/div> <div  class=\"col-xs-12 col-sm-6\"><div  class=\"row middle-sm\"> <div  data-type=\"column\" class=\"col-xs-12 space-bottom-small\"><h3  class=\"color1\"><font  color=\"#ff9800\"><u >Ota Yhteytt\u00e4<\/u><\/font><\/h3><\/div> <\/div> <div  class=\"row middle-sm\" data-type=\"row\"> <div  class=\"col-xs-12 space-bottom-small\"> <div  class=\"row\"> <div  data-type=\"column\" class=\"col-xs-12 col-sm-fit label-col\"> <h5  class=\"\">Osoite:<\/h5><\/div> <div  data-type=\"column\" class=\"col-xs-12 col-sm\"><p  class=\"\">Rieskal\u00e4hteentie 76, 20300 Turku<\/p><\/div> <\/div><\/div>  <div  class=\"col-xs-12 space-bottom-small\"><div  class=\"row\"> <div  data-type=\"column\" class=\"col-xs-12 col-sm-fit label-col\"><h5  class=\"\">S\u00e4hk\u00f6posti:<\/h5><\/div> <div  data-type=\"column\" class=\"col-xs-12 col-sm\"><a  href=\"mailto:\" class=\"\" target=\"lightbox\" data-cp-link=\"1\" rel=\"noopener\">maarianvpk(at)maarianvpk.fi<\/a><\/div> <\/div><\/div> <div  class=\"col-xs-12 space-bottom-small\"><div  class=\"row\"> <div  data-type=\"column\" class=\"col-xs-12 col-sm-fit label-col\"><p  class=\"\"><span  style=\"font-weight: 700;\">Seuraa meit\u00e4:<\/span><\/p><\/div> <div  data-type=\"column\" class=\"col-xs-12 col-sm\"><div  data-type=\"group\" class=\"\"> <a  href=\"https:\/\/www.instagram.com\/maarianvpk\" target=\"_blank\" rel=\"noopener\" class=\"\"><i  class=\"fa icon fa-instagram color1\"><\/i><\/a> <a  href=\"https:\/\/www.facebook.com\/MaarianVpk\" target=\"_blank\" rel=\"noopener\" class=\"\"><i  class=\"fa icon fa-facebook-square color1\"><\/i><\/a> <a  href=\"https:\/\/twitter.com\/MaarianVpk\" target=\"_blank\" rel=\"noopener\" class=\"\"><i  class=\"fa icon fa-twitter color1\"><\/i><\/a> <a  href=\"#\" target=\"_self\" data-reiki-hidden=\"true\" rel=\"noopener\"><i  class=\"fa icon fa-rss color1\"><\/i><\/a><\/div> <\/div><\/div> <\/div><\/div> <\/div><\/div> <\/div><\/div>","protected":false},"excerpt":{"rendered":"<p>Maarian Vapaaehtoinen Palokunta ry&nbsp;Asema 17 Maarian VPK on Turussa kotipaikkaansa pit\u00e4v\u00e4 sopimuspalokunta. Palokunnalla on sopimus Varsinais-Suomen aluepelastuslaitoksen kanssa. Muita sopimuspalokuntia Turussa ovat Turun, Kaarinan, J\u00e4k\u00e4rl\u00e4n, Paattisten VPK:t sek\u00e4 Kakskerran SPK. Palokuntamme p\u00e4\u00e4tarkoituksena on sammutus- ja pelastusavun antaminen normaali- ja poikkeusoloissa. Palokunnan sis\u00e4ll\u00e4 toimii aktiivisesti my\u00f6s Maarian VPK:n puhallinorkesteri. TERVETULOA klikkailemaan sivuillemme ja tutustumaan toimintaamme !&hellip; <br \/> <a class=\"read-more\" href=\"https:\/\/www.maarianvpk.fi\/?p=275\">Read more<\/a><\/p>\n","protected":false},"author":1,"featured_media":0,"parent":0,"menu_order":0,"comment_status":"closed","ping_status":"closed","template":"page-templates\/homepage.php","meta":{"footnotes":""},"class_list":["post-16","page","type-page","status-publish","hentry"],"jetpack-related-posts":[],"jetpack_shortlink":"https:\/\/wp.me\/PcINUT-g","jetpack_sharing_enabled":true,"_links":{"self":[{"href":"https:\/\/www.maarianvpk.fi\/index.php?rest_route=\/wp\/v2\/pages\/16","targetHints":{"allow":["GET"]}}],"collection":[{"href":"https:\/\/www.maarianvpk.fi\/index.php?rest_route=\/wp\/v2\/pages"}],"about":[{"href":"https:\/\/www.maarianvpk.fi\/index.php?rest_route=\/wp\/v2\/types\/page"}],"author":[{"embeddable":true,"href":"https:\/\/www.maarianvpk.fi\/index.php?rest_route=\/wp\/v2\/users\/1"}],"replies":[{"embeddable":true,"href":"https:\/\/www.maarianvpk.fi\/index.php?rest_route=%2Fwp%2Fv2%2Fcomments&post=16"}],"version-history":[{"count":115,"href":"https:\/\/www.maarianvpk.fi\/index.php?rest_route=\/wp\/v2\/pages\/16\/revisions"}],"predecessor-version":[{"id":880,"href":"https:\/\/www.maarianvpk.fi\/index.php?rest_route=\/wp\/v2\/pages\/16\/revisions\/880"}],"wp:attachment":[{"href":"https:\/\/www.maarianvpk.fi\/index.php?rest_route=%2Fwp%2Fv2%2Fmedia&parent=16"}],"curies":[{"name":"wp","href":"https:\/\/api.w.org\/{rel}","templated":true}]}}