{"id":95,"date":"2021-01-06T14:38:54","date_gmt":"2021-01-06T14:38:54","guid":{"rendered":"http:\/\/www.maarianvpk.fi\/?page_id=95"},"modified":"2025-01-10T08:58:11","modified_gmt":"2025-01-10T08:58:11","slug":"nuoriso-osasto","status":"publish","type":"page","link":"https:\/\/www.maarianvpk.fi\/?page_id=95","title":{"rendered":"Nuoriso-osasto"},"content":{"rendered":"<div  data-label=\"Content\" data-id=\"content--1\" data-export-id=\"content-9\" data-category=\"content\" class=\"content-9 content-section content-section-spacing white-text premium_dark\" id=\"content-1\"><div  class=\"gridContainer\"> <div  class=\"row text-center\"><div  class=\"section-title-col\" data-type=\"column\">  <p  class=\"lead\"><span  style=\"color: rgb(251, 192, 45);\">Nuoriso-osasto on tarkoitettu 10-17 -vuotiaille nuorille. Osaston tarkoituksena on kasvattaa aktiivisia ja osaavia kansalaisia yhteiskuntaan. T\u00e4m\u00e4n lis\u00e4ksi osaston yksi t\u00e4rkeist\u00e4 teht\u00e4vist\u00e4 on kouluttaa palokunnan muihin osastoihin, kuten h\u00e4lytys- ja naisosastoihin osaavia ja reippaita palokuntalaisia. Osastossa on t\u00e4ll\u00e4 hetkell\u00e4 noin 20 aktiivista nuorta mukana.<\/span><\/p><\/div> <\/div> <div  class=\"row space-bottom text-center\" data-type=\"row\"> <div  class=\"col-sm-4 col-padding-small\"> <i  class=\"fa icon fa-calendar bordered round color7\"><\/i> <h4  class=\"\">Milloin kokoonnumme?<\/h4> <p  class=\"\">Osasto kokoontuu p\u00e4\u00e4s\u00e4\u00e4nt\u00f6isesti joka viikon maanantai kello 17:00 palokunnan tiloissa osoitteessa Oikotie 7, Turku.<\/p><\/div> <div  class=\"col-sm-4 col-padding-small\"><i  class=\"fa icon fa-support bordered round color7\"><\/i> <h4  class=\"\">Mit\u00e4 harjoituksissa tehd\u00e4\u00e4n?<\/h4> <p  class=\"\">Nuoriso-osaston harjoituksissa nuoret oppivat mm. toimimaan onnettomuuspaikalla niin palokunnan varusteissa, kuin siviilin\u00e4. T\u00e4m\u00e4n lis\u00e4ksi opetellaan esimerkiksi alkusammutusta, ensiapua, varautumista ja h\u00e4t\u00e4ilmoituksen tekemist\u00e4.<br >\nHarjoituksissa opitaan my\u00f6s k\u00e4ytt\u00e4m\u00e4\u00e4n palokunnan kalustoa ja menetelmi\u00e4.<\/p><\/div> <div  class=\"col-sm-4 col-padding-small\"><i  class=\"fa icon fa-user bordered round color7\"><\/i> <h4  class=\"\">Liittyminen?<\/h4> <p  class=\"\">Nuoriso-osastoon voi liitty\u00e4 jokainen 10-17-vuotias nuori. Varusteet saa palokunnalta, mutta omat kumisaappaat olisi hyv\u00e4 olla, sill\u00e4 emme voi luvata oikean kokoisia saappaita kaikille.<\/p><\/div> <\/div> <div  class=\"row center-xs middle-xs\"> <div  class=\"col-sm-12\" data-type=\"column\"> <img fetchpriority=\"high\"  decoding=\"async\" class=\"shadow-large jetpack-lazy-image jetpack-lazy-image--handled\" src=\"https:\/\/i1.wp.com\/www.maarianvpk.fi\/wp-content\/uploads\/2021\/01\/cropped-WhatsApp-Image-2021-01-06-at-17.40.41.jpeg?w=3840\" data-size=\"950x633\" title=\"cropped-WhatsApp-Image-2021-01-06-at-17.40.41.jpeg\" alt=\"\" data-lazy-loaded=\"1\" width=\"925\" height=\"617\"> <\/div><\/div> <\/div><\/div><div  data-label=\"Cta\" data-id=\"cta--1\" data-export-id=\"cta-centered-bg-section\" data-category=\"cta\" data-section-ov=\"1\" class=\"cta-centered-bg-section content-section content-section-spacing-medium white-text premium_dark\" data-parallax-depth=\"20\" id=\"cta-1\"><div  class=\"gridContainer\"> <div  class=\"row text-center\"><div  data-type=\"column\" class=\"\"> <h2  class=\"\">Liity nuoriso-osastoon!&nbsp; &nbsp;<\/h2> <a  class=\"button big force-shadow color7\" href=\"https:\/\/www.maarianvpk.fi?page_id=193\" target=\"_blank\" data-cp-link=\"1\" data-icon=\"fa-arrow-right\" rel=\"noopener\"><span  class=\"button-icon fa fa-arrow-right\"><\/span>OTA YHTEYTT\u00c4<\/a><\/div> <\/div><\/div> <\/div>","protected":false},"excerpt":{"rendered":"<p>Nuoriso-osasto on tarkoitettu 10-17 -vuotiaille nuorille. Osaston tarkoituksena on kasvattaa aktiivisia ja osaavia kansalaisia yhteiskuntaan. T\u00e4m\u00e4n lis\u00e4ksi osaston yksi t\u00e4rkeist\u00e4 teht\u00e4vist\u00e4 on kouluttaa palokunnan muihin osastoihin, kuten h\u00e4lytys- ja naisosastoihin osaavia ja reippaita palokuntalaisia. Osastossa on t\u00e4ll\u00e4 hetkell\u00e4 noin 20 aktiivista nuorta mukana. Milloin kokoonnumme? Osasto kokoontuu p\u00e4\u00e4s\u00e4\u00e4nt\u00f6isesti joka viikon maanantai kello 17:00 palokunnan tiloissa&hellip; <br \/> <a class=\"read-more\" href=\"https:\/\/www.maarianvpk.fi\/?page_id=95\">Read more<\/a><\/p>\n","protected":false},"author":1,"featured_media":0,"parent":0,"menu_order":0,"comment_status":"closed","ping_status":"closed","template":"pro\/page-templates\/full-width-page.php","meta":{"footnotes":""},"class_list":["post-95","page","type-page","status-publish","hentry"],"jetpack-related-posts":[],"jetpack_shortlink":"https:\/\/wp.me\/PcINUT-1x","jetpack_sharing_enabled":true,"_links":{"self":[{"href":"https:\/\/www.maarianvpk.fi\/index.php?rest_route=\/wp\/v2\/pages\/95","targetHints":{"allow":["GET"]}}],"collection":[{"href":"https:\/\/www.maarianvpk.fi\/index.php?rest_route=\/wp\/v2\/pages"}],"about":[{"href":"https:\/\/www.maarianvpk.fi\/index.php?rest_route=\/wp\/v2\/types\/page"}],"author":[{"embeddable":true,"href":"https:\/\/www.maarianvpk.fi\/index.php?rest_route=\/wp\/v2\/users\/1"}],"replies":[{"embeddable":true,"href":"https:\/\/www.maarianvpk.fi\/index.php?rest_route=%2Fwp%2Fv2%2Fcomments&post=95"}],"version-history":[{"count":11,"href":"https:\/\/www.maarianvpk.fi\/index.php?rest_route=\/wp\/v2\/pages\/95\/revisions"}],"predecessor-version":[{"id":867,"href":"https:\/\/www.maarianvpk.fi\/index.php?rest_route=\/wp\/v2\/pages\/95\/revisions\/867"}],"wp:attachment":[{"href":"https:\/\/www.maarianvpk.fi\/index.php?rest_route=%2Fwp%2Fv2%2Fmedia&parent=95"}],"curies":[{"name":"wp","href":"https:\/\/api.w.org\/{rel}","templated":true}]}}

<div  data-label="Content" data-id="content--1" data-export-id="content-9" data-category="content" class="content-9 content-section content-section-spacing white-text premium_dark" id="content-1"><div  class="gridContainer"> <div  class="row text-center"><div  class="section-title-col" data-type="column">  <p  class="lead"><span  style="color: rgb(251, 192, 45);">Nuoriso-osasto on tarkoitettu 10-17 -vuotiaille nuorille. Osaston tarkoituksena on kasvattaa aktiivisia ja osaavia kansalaisia yhteiskuntaan. Tämän lisäksi osaston yksi tärkeistä tehtävistä on kouluttaa palokunnan muihin osastoihin, kuten hälytys- ja naisosastoihin osaavia ja reippaita palokuntalaisia. Osastossa on tällä hetkellä noin 20 aktiivista nuorta mukana.</span></p></div> </div> <div  class="row space-bottom text-center" data-type="row"> <div  class="col-sm-4 col-padding-small"> <i  class="fa icon fa-calendar bordered round color7"></i> <h4  class="">Milloin kokoonnumme?</h4> <p  class="">Osasto kokoontuu pääsääntöisesti joka viikon maanantai kello 17:00 palokunnan tiloissa osoitteessa Oikotie 7, Turku.</p></div> <div  class="col-sm-4 col-padding-small"><i  class="fa icon fa-support bordered round color7"></i> <h4  class="">Mitä harjoituksissa tehdään?</h4> <p  class="">Nuoriso-osaston harjoituksissa nuoret oppivat mm. toimimaan onnettomuuspaikalla niin palokunnan varusteissa, kuin siviilinä. Tämän lisäksi opetellaan esimerkiksi alkusammutusta, ensiapua, varautumista ja hätäilmoituksen tekemistä.<br >
Harjoituksissa opitaan myös käyttämään palokunnan kalustoa ja menetelmiä.</p></div> <div  class="col-sm-4 col-padding-small"><i  class="fa icon fa-user bordered round color7"></i> <h4  class="">Liittyminen?</h4> <p  class="">Nuoriso-osastoon voi liittyä jokainen 10-17-vuotias nuori. Varusteet saa palokunnalta, mutta omat kumisaappaat olisi hyvä olla, sillä emme voi luvata oikean kokoisia saappaita kaikille.</p></div> </div> <div  class="row center-xs middle-xs"> <div  class="col-sm-12" data-type="column"> <img fetchpriority="high"  decoding="async" class="shadow-large jetpack-lazy-image jetpack-lazy-image--handled" src="https://i1.wp.com/www.maarianvpk.fi/wp-content/uploads/2021/01/cropped-WhatsApp-Image-2021-01-06-at-17.40.41.jpeg?w=3840" data-size="950x633" title="cropped-WhatsApp-Image-2021-01-06-at-17.40.41.jpeg" alt="" data-lazy-loaded="1" width="925" height="617"> </div></div> </div></div><div  data-label="Cta" data-id="cta--1" data-export-id="cta-centered-bg-section" data-category="cta" data-section-ov="1" class="cta-centered-bg-section content-section content-section-spacing-medium white-text premium_dark" data-parallax-depth="20" id="cta-1"><div  class="gridContainer"> <div  class="row text-center"><div  data-type="column" class=""> <h2  class="">Liity nuoriso-osastoon!&nbsp; &nbsp;</h2> <a  class="button big force-shadow color7" href="https://www.maarianvpk.fi?page_id=193" target="_blank" data-cp-link="1" data-icon="fa-arrow-right" rel="noopener"><span  class="button-icon fa fa-arrow-right"></span>OTA YHTEYTTÄ</a></div> </div></div> </div>

<p>Nuoriso-osasto on tarkoitettu 10-17 -vuotiaille nuorille. Osaston tarkoituksena on kasvattaa aktiivisia ja osaavia kansalaisia yhteiskuntaan. Tämän lisäksi osaston yksi tärkeistä tehtävistä on kouluttaa palokunnan muihin osastoihin, kuten hälytys- ja naisosastoihin osaavia ja reippaita palokuntalaisia. Osastossa on tällä hetkellä noin 20 aktiivista nuorta mukana. Milloin kokoonnumme? Osasto kokoontuu pääsääntöisesti joka viikon maanantai kello 17:00 palokunnan tiloissa&hellip; <br /> <a class="read-more" href="https://www.maarianvpk.fi/?page_id=95">Read more</a></p>
